{"id":233,"date":"2023-01-10T12:22:17","date_gmt":"2023-01-10T15:22:17","guid":{"rendered":"https:\/\/grespiritacairbarschutel.com.br\/?page_id=233"},"modified":"2024-08-14T07:30:21","modified_gmt":"2024-08-14T10:30:21","slug":"videos","status":"publish","type":"page","link":"https:\/\/grespiritacairbarschutel.com.br\/?page_id=233","title":{"rendered":"V\u00eddeos"},"content":{"rendered":"\n<p>V Semin\u00e1rio de Mediunidade da Casa da Cultura Esp\u00edrita de Uberaba<\/p>\n\n\n\n<p>V Semin\u00e1rio de Mediunidade* da Casa da Cultura Esp\u00edrita de Uberaba realizado no dia 15 de agosto de 2022. Palestrantes: Dr Jorge Bichuetti e Dr Armando Paulino do centro esp\u00edrita irm\u00e3o Jos\u00e9.<\/p>\n\n\n\n<figure class=\"wp-block-embed is-type-video is-provider-youtube wp-block-embed-youtube wp-embed-aspect-16-9 wp-has-aspect-ratio\"><div class=\"wp-block-embed__wrapper\">\n<iframe loading=\"lazy\" title=\"IV Semin\u00e1rio da Mediunidade\" width=\"750\" height=\"422\" src=\"https:\/\/www.youtube.com\/embed\/pA121NakYMQ?feature=oembed\" frameborder=\"0\" allow=\"accelerometer; autoplay; clipboard-write; encrypted-media; gyroscope; picture-in-picture; web-share\" referrerpolicy=\"strict-origin-when-cross-origin\" allowfullscreen><\/iframe>\n<\/div><\/figure>\n","protected":false},"excerpt":{"rendered":"<p>V Semin\u00e1rio de Mediunidade da Casa da Cultura Esp\u00edrita de Uberaba V Semin\u00e1rio de Mediunidade* da Casa da Cultura Esp\u00edrita de Uberaba realizado no dia 15 de agosto de 2022. Palestrantes: Dr Jorge Bichuetti e Dr Armando Paulino do centro esp\u00edrita irm\u00e3o Jos\u00e9.<\/p>\n","protected":false},"author":1,"featured_media":0,"parent":0,"menu_order":0,"comment_status":"closed","ping_status":"closed","template":"","meta":[],"_links":{"self":[{"href":"https:\/\/grespiritacairbarschutel.com.br\/index.php?rest_route=\/wp\/v2\/pages\/233"}],"collection":[{"href":"https:\/\/grespiritacairbarschutel.com.br\/index.php?rest_route=\/wp\/v2\/pages"}],"about":[{"href":"https:\/\/grespiritacairbarschutel.com.br\/index.php?rest_route=\/wp\/v2\/types\/page"}],"author":[{"embeddable":true,"href":"https:\/\/grespiritacairbarschutel.com.br\/index.php?rest_route=\/wp\/v2\/users\/1"}],"replies":[{"embeddable":true,"href":"https:\/\/grespiritacairbarschutel.com.br\/index.php?rest_route=%2Fwp%2Fv2%2Fcomments&post=233"}],"version-history":[{"count":3,"href":"https:\/\/grespiritacairbarschutel.com.br\/index.php?rest_route=\/wp\/v2\/pages\/233\/revisions"}],"predecessor-version":[{"id":361,"href":"https:\/\/grespiritacairbarschutel.com.br\/index.php?rest_route=\/wp\/v2\/pages\/233\/revisions\/361"}],"wp:attachment":[{"href":"https:\/\/grespiritacairbarschutel.com.br\/index.php?rest_route=%2Fwp%2Fv2%2Fmedia&parent=233"}],"curies":[{"name":"wp","href":"https:\/\/api.w.org\/{rel}","templated":true}]}}